5).
-11
Let x(j) = 4*j**2 - j. Let i be x(1). Let d(a) = -a**2 - a + 0*a**3 + a**i + 2*a. Suppose 0 = 716*s - 727*s. What is d(s)?
0
Let w(t) be the second derivative of -t**5/20 + 5*t**4/4 + 8*t**3/3 + 5*t**2/2 + 138*t. Determine w(16).
5
Let j(c) = -5*c - 4. Let r be j(-5). Let w be (-6)/r - (-5)/(-7) - 0. Let a(u) = -15*u - 1. Give a(w).
14
Let v(s) = 3*s. Let a(u) = -11*u - 17. Let m(r) = a(r) + 4*v(r). Give m(10).
-7
Let w(p) = p + 7. Let x be w(-8). Let q(z) = -z**3 - 2*z**2 + 2*z. Let a(g) = -3*g**2 + g - 1. Let v(b) = -a(b) + q(b). Give v(x).
2
Suppose 82*k - 89*k + 49 = 0. Let z(s) = -s**3 + 6*s**2 + 6*s + 5. Calculate z(k).
-2
Let v(p) be the first derivative of -4/3*p**3 + 5*p + 5/2*p**2 + 18 - 1/4*p**4. What is v(-5)?
5
Let a(t) be the second derivative of t**3/3 + 5*t**2 + t - 7. Give a(-8).
-6
Suppose 0 = -5*s + 24 - 9. Let c(k) = -k**3 + k**s - 4 + k**3 - 5*k - 5*k**2. Suppose 5*h - 29 - 1 = 0. What is c(h)?
2
Let p(n) = -19*n - 123. Let i(j) = 6*j + 43. Let r(c) = -10*i(c) - 3*p(c). Determine r(-21).
2
Let r(a) = a**2 - 2*a - 5. Suppose -684*f = -682*f + 6. Determine r(f).
10
Let j(p) = 20*p + 2. Let d(m) be the second derivative of 7*m**3/2 + 3*m**2/2 + 19*m. Let w(l) = -3*d(l) + 4*j(l). Determine w(1).
16
Suppose 0 = 5*z + 3*k - 10, 0 = 2*z + 3*k - 4. Let c(y) be the first derivative of 2*y**2 - 3*y + 5. Give c(z).
5
Let c(x) = 41*x + 26. Let j(z) = 26*z + 17. Let f(l) = 5*c(l) - 8*j(l). What is f(0)?
-6
Let v(m) = -27*m + 45. Let s be v(2). Let d(l) = 2*l + 21. Determine d(s).
3
Let z(r) be the first derivative of r**4/4 - r**2/2 + 2*r + 15049. Suppose -8 - 12 = 5*s + 4*a, 0 = 3*s - 4*a - 20. What is z(s)?
2
Suppose 4*j + 2*y - 4 = 4*y, 4*j + 2*y - 20 = 0. Let z(m) be the third derivative of -m**4/3 - 1512*m**2. Give z(j).
-24
Suppose 4*y = -2*y + 30. Let l(c) = 1 + 0 - 3 + y + c. Give l(-9).
-6
Let j = -99 + 98. Let f(b) = -2*b**2 + b + 1. Determine f(j).
-2
Let u(j) be the third derivative of 5*j**2 - 2/3*j**3 + 0*j**5 + 0 + 0*j + 1/120*j**6 - 1/24*j**4. Let p = -74 + 74. What is u(p)?
-4
Suppose 3*l + 6 = -2*w, -12 = -3*l - 24. Let f(i) be the second derivative of 9/2*i**2 + 2*i + 1/12*i**4 - 4/3*i**w + 0. What is f(7)?
2
Suppose 5*z - 25 = -5*i, -2*z - 5 = -1. Suppose 2*k + i = -19. Let j = -6 - k. Let m(b) = b**3 - 6*b**2 - 8*b + 5. What is m(j)?
-2
Let m(n) = -n**2 - n - 1. Let t(x) = -5*x**2 + 3*x - 5. Let h(l) = -6*m(l) + t(l). Let i = -1443 + 1434. Give h(i).
1
Let d(h) = -4*h - 25. Let r be d(-10). Let z = r - 5. Suppose 1 - z = -3*f. Let b(k) = -k**3 + 2*k**2 + k + 2. What is b(f)?
-4
Let m(x) = x - 1. Let q be m(0). Let r = q - 1. Let a(i) be the third derivative of i**5/20 + i**4/8 + i**3/2 + 2*i**2. Calculate a(r).
9
Let j(m) = m**2 + 7*m + 2. Let v be j(-6). Let z(p) = -4*p - 3. Let f(o) = -o - 1. Let s(n) = -n + 23. Let c be s(9). Let x(g) = c*f(g) + v*z(g). What is x(4)?
6
Let p(w) = -w**3 + 14*w**2 - 24*w + 12. Let s be p(12). Let x be ((-3)/s)/(3/(-60)). Let m(u) = -u. Calculate m(x).
-5
Let n(i) = -i**2 - i. Let y(g) = -g**2 + 2. Let t(r) = 10*r**2 - 11. Let m(x) = t(x) + 4*y(x). Let b(c) = -m(c) - 4*n(c). Give b(-2).
-13
Suppose 2*c - 10 = 0, -28 + 106 = 2*q - 4*c. Let f = 52 - q. Let x(h) = 2*h**2 - h - 2. Determine x(f).
13
Suppose -3*m + 7*m + 8 = 0. Let y(i) = -i**2 + 9*i - 14. Let z be y(7). Let r(x) = -6*x + 3*x - x - 2 + z*x. What is r(m)?
6
Let o(i) be the first derivative of i**4/8 - i**3/2 - 3*i**2 + 3. Let v(c) be the second derivative of o(c). Give v(4).
9
Suppose 0 = -5*k + 9 - 4. Let u(y) = -k + 527*y + 0*y**2 - 526*y - y**2. Let t(f) = f**3 - 8*f**2 - 9*f. Let q be t(9). Determine u(q).
-1
Let h(j) = -14*j - 10. Let i(f) = 5*f + 3. Let t(y) = -4*h(y) - 11*i(y). Let x be t(-13). Let g(z) = -z**3 - 7*z**2 - 2*z - 5. Determine g(x).
-29
Suppose -5*i = -3*v - 14, i - 3*i - 7 = 3*v. Let q be (-24)/(-2)*(15/6 + v). Let p(j) be the first derivative of j**3/3 + 5*j**2/2 + 7*j - 2. Calculate p(q).
13
Let m(r) be the third derivative of r**4/24 + 4*r**3/3 - 420*r**2. Determine m(4).
12
Let q(y) = 20*y + 44. Let r be q(-2). Let z(g) = g + 1. Give z(r).
5
Let t(w) = -w**2 + 6*w + 7. Let q(n) = 5*n**2 - 33*n - 34. Let s(r) = -2*q(r) - 11*t(r). Give s(4).
7
Let g(v) be the second derivative of v**3/6 - 2*v**2 - 17*v. Let z be (-10)/(-5) + 4*1/(-2). Determine g(z).
-4
Let r(f) = f - 36*f + f**2 + 42*f. Give r(-7).
0
Let d = -1529 + 1527. Let t(h) = 5*h. What is t(d)?
-10
Let t(x) = -x**3 + 10*x**2 + 18*x - 4. Let b(z) = -5*z**3 + 40*z**2 + 75*z - 18. Let c(w) = 2*b(w) - 9*t(w). What is c(-8)?
-32
Let c(s) be the second derivative of s**3/6 + 13*s**2 - 49*s. Determine c(-18).
8
Suppose 5*z + p - 403 = 0, -2*z + 3*z + 3*p = 89. Suppose x + 24 = o - 0*x, 0 = -5*o - 5*x + z. Let r(n) = 4*n - o - n**2 - 16 + 28. What is r(6)?
-20
Let r(b) = b - 12. Let z = -649 - -649. Determine r(z).
-12
Let u(y) = 3*y**2 + y - 7. Let f(c) = 2*c**2 - c - 4. Let j(o) = -5*f(o) + 3*u(o). What is j(9)?
-10
Suppose -q = 2*q - 27. Let p(i) = q*i - 4*i + 4 - 6*i**2 - i**3 + 2*i**3. Suppose 6*a = 2*a + 16. Give p(a).
-8
Let o be 3/5 + (-64)/(-160). Let s(t) = -9 + 17 + 3*t**2 - 2*t - 6 - 3*t**3 - o. What is s(2)?
-15
Let k(c) be the third derivative of -c**6/120 + c**5/15 + c**4/12 - c**3/3 + 3*c**2 - 14*c. Give k(4).
6
Let l(a) be the third derivative of a**5/60 - a**4/3 + 5*a**3/6 + a**2. Suppose 61 = 44*d - 247. What is l(d)?
-2
Let k(y) = y**3 - 7*y**2 + y - 7. Let q(s) = -s**3 + 8*s**2 - s + 8. Let x(d) = 3*k(d) + 2*q(d). Let w be (-1 + -1)/((-34)/(-357)). Let p = w - -26. Give x(p).
0
Let u(g) = -195*g - 4 + g**2 + 1 + 198*g. Calculate u(-4).
1
Let k = 3 + -2. Let n be (-6)/21*(-5 - 2). Let c(j) = -1 + j**3 - j**n - 1 - k + 1. What is c(2)?
2
Let f(i) = -22*i**2 + 2*i + 3. Let x(n) = 10*n**2 - n - 1. Let o(w) = -6*f(w) - 13*x(w). Determine o(2).
5
Suppose 0 = -21*j + 22*j + 5. Let r(v) be the second derivative of v**4/12 + 2*v**3/3 - 2*v**2 + 5*v. Give r(j).
1
Let t be (2/(-3))/((-4)/(-6)). Let v(l) = 4*l**2 - l. Let q be v(t). Let k(n) = 3 + 3 + 11*n - 1 - n**2 - 9*n. Give k(q).
-10
Let y(w) = -w**2 - 34*w + 561. Let s be y(12). Let j(q) = -14 + 1 + 9*q + 0 - q**3 + 8*q**2. Determine j(s).
-13
Let y(u) = u + 11. Suppose -5*b = -5*n - 40, 2*b - 2*n = -n + 14. Let i be (-2)/b*-15*-1. Determine y(i).
6
Let k(j) = -j - 105 - 105 + 216. Let x be -15 + 19 - (1*-4)/2. What is k(x)?
0
Suppose 3*p = -15, 29 = -0*a + a - 5*p. Suppose 2*i + q = a - 1, 5*q = -3*i + 1. Let v(l) = 0*l + 3*l - 9 - i*l. Give v(5).
-4
Let v = 2 + -2. Suppose v = s - 6*s + 5. Let p(k) be the third derivative of k**6/60 + k**5/60 - k**4/12 + k**3/6 + 3*k**2. Give p(s).
2
Let z(q) = -2*q + 5. Let s(n) = 2*n. Let k(a) = -2*s(a) + z(a). Determine k(4).
-19
Suppose 8 = 9*o - 7*o. Suppose -5*t = 5*j + 95, o*t + 4 = -j - 12. Let d be (2/(-10))/(4/j). Let c(k) = -9*k**3 - 2*k**2 + 2*k - 1. Determine c(d).
-10
Suppose q - 4*y + 12 = -0*q, -3*y + 47 = 4*q. Let i(h) = -5*h - 4*h - 11 + q*h + 2*h. What is i(11)?
0
Suppose 6*t = -4 - 8. Let d(y) = -2*y**3 - 3*y**2 - y + 1. Determine d(t).
7
Let i(c) = 2*c - 1271 + 634 + 619. Give i(12).
6
Let c(n) = -19*n - 9 - 1 + 4 + 3. Calculate c(-2).
35
Let s(w) = 5*w. Let n(k) = -k**3 - 7*k**2 - 4*k - 3. Let a be n(-6). Let d = 14 + a. Calculate s(d).
-5
Let i(o) = -2*o - 20. Let v(r) = -r - 10. Let s(a) = 3*i(a) - 5*v(a). Give s(7).
-17
Let z(k) = -20*k + 41. Let l(p) = 7*p - 14. Let s(f) = -17*l(f) - 6*z(f). Let j = -23 + 36. Let x = -7 + j. Determine s(x).
-2
Let p(t) = -3 + 3*t**3 + 4 - 2*t - t**3. Let m be (2/(-10))/((-104)/520). What is p(m)?
1
Let u(b) be the second derivative of b**6/360 + b**5/120 - 7*b**4/12 + 7*b. Let o(k) be the third derivative of u(k). What is o(-6)?
-11
Let m(w) = w**2 + 7*w. Let k = 14 + 9. Let g be (-6 + 2)*(-2)/4. Suppose -k = 3*i - g. Determine m(i).
0
Let v(r) be the first derivative of r**3 + r**2 - 3*r + 7. Let p(s) be the first derivative of v(s). What is p(-2)?
-10
Let u(f) = 2*f - 2. Let i(x) = x**2 - x - 27. Let g(a) = i(a) - 6*u(a). What is g(14)?
-1
Let o(i) = -i**3 + 6*i + 1. Let p = 360 + -364. What is o(p)?
41
Suppose n + 2*n = -24. Let z(p) be the first derivative of p**2/2 + 3*p - 126. Calculate z(n).
-5
Let h(p) be the second derivative of p**3/6 - p**2/2 + 673*p. Calculate h(6